{"id":2265,"date":"2024-04-26T23:04:02","date_gmt":"2024-04-26T23:04:02","guid":{"rendered":"https:\/\/vastomarine.com\/?page_id=2265"},"modified":"2024-04-26T23:25:10","modified_gmt":"2024-04-26T23:25:10","slug":"basvuru","status":"publish","type":"page","link":"https:\/\/vastomarine.com\/index.php\/basvuru\/","title":{"rendered":"Basvuru"},"content":{"rendered":"\n<div class=\"wpcf7 no-js\" id=\"wpcf7-f2274-o1\" lang=\"en-US\" dir=\"ltr\" data-wpcf7-id=\"2274\">\n<div class=\"screen-reader-response\"><p role=\"status\" aria-live=\"polite\" aria-atomic=\"true\"><\/p> <ul><\/ul><\/div>\n<form action=\"\/index.php\/wp-json\/wp\/v2\/pages\/2265#wpcf7-f2274-o1\" method=\"post\" class=\"wpcf7-form init\" aria-label=\"Contact form\" novalidate=\"novalidate\" data-status=\"init\">\n<div style=\"display: none;\">\n<input type=\"hidden\" name=\"_wpcf7\" value=\"2274\" \/>\n<input type=\"hidden\" name=\"_wpcf7_version\" value=\"6.0.4\" \/>\n<input type=\"hidden\" name=\"_wpcf7_locale\" value=\"en_US\" \/>\n<input type=\"hidden\" name=\"_wpcf7_unit_tag\" value=\"wpcf7-f2274-o1\" \/>\n<input type=\"hidden\" name=\"_wpcf7_container_post\" value=\"0\" \/>\n<input type=\"hidden\" name=\"_wpcf7_posted_data_hash\" value=\"\" \/>\n<\/div>\n<h2>Ki\u015fisel Bilgiler\n<\/h2>\n<fieldset>\n\t<p><span class=\"wpcf7-form-control-wrap\" data-name=\"email-936\"><input size=\"40\" maxlength=\"400\" class=\"wpcf7-form-control wpcf7-email wpcf7-text wpcf7-validates-as-email\" aria-invalid=\"false\" value=\"\" type=\"email\" name=\"email-936\" \/><\/span>\n\t<\/p>\n\t<legend>Foto\u011fraf\n\t<\/legend>\n\t<p><label for=\"full_name\">Tam \u0130sim:<\/label><br \/>\n<input type=\"text\" id=\"full_name\" name=\"full_name\" \/>\n\t<\/p>\n\t<p><label for=\"born_date\">Do\u011fum Tarihi:<\/label><br \/>\n<input type=\"date\" id=\"born_date\" name=\"born_date\" \/>\n\t<\/p>\n\t<p><label for=\"born_place\">Do\u011fum Yeri:<\/label><br \/>\n<input type=\"text\" id=\"born_place\" name=\"born_place\" \/>\n\t<\/p>\n\t<p><label for=\"nationality\">Uyru\u011fu:<\/label><br \/>\n<input type=\"text\" id=\"nationality\" name=\"nationality\" \/>\n\t<\/p>\n\t<p><label for=\"competency\">Yeterlili\u011fi:<\/label><br \/>\n<input type=\"text\" id=\"competency\" name=\"competency\" \/>\n\t<\/p>\n\t<p><label for=\"rank_request\">\u0130stedi\u011fi G\u00f6rev:<\/label><br \/>\n<input type=\"text\" id=\"rank_request\" name=\"rank_request\" \/>\n\t<\/p>\n\t<p><label for=\"military_situation\">Askerlik Durumu:<\/label><br \/>\n<input type=\"text\" id=\"military_situation\" name=\"military_situation\" \/>\n\t<\/p>\n\t<p><label for=\"telephone\">Telefon:<\/label><br \/>\n<input type=\"tel\" id=\"telephone\" name=\"telephone\" \/>\n\t<\/p>\n\t<p><label for=\"residence_address\">\u0130kamet Adresi:<\/label><br \/>\n<input type=\"text\" id=\"residence_address\" name=\"residence_address\" \/>\n\t<\/p>\n\t<p><label for=\"working_clothes_size\">\u0130\u015f Elbisesi-Tulum \u00d6l\u00e7\u00fcs\u00fc:<\/label><br \/>\n<select id=\"working_clothes_size\" name=\"working_clothes_size\">\n <option value=\"S\">S<\/option>\n <option value=\"M\">M<\/option>\n <option value=\"L\">L<\/option>\n <option value=\"XL\">XL<\/option>\n <option value=\"XXL\">XXL<\/option>\n <option value=\"XXXL\">XXXL<\/option>\n <\/select>\n\t<\/p>\n\t<p><label for=\"safety_shoes_size\">\u0130\u015f Ayakkab\u0131 Numaras\u0131:<\/label><br \/>\n<input type=\"text\" id=\"safety_shoes_size\" name=\"safety_shoes_size\" \/>\n\t<\/p>\n<\/fieldset>\n<h2>Acil Durum \u0130leti\u015fim Bilgileri\n<\/h2>\n<fieldset>\n\t<legend>Acil Durum \u0130leti\u015fim Bilgileri\n\t<\/legend>\n\t<p><label for=\"emergency_contact_name\">Tam Ad\u0131:<\/label><br \/>\n<input type=\"text\" id=\"emergency_contact_name\" name=\"emergency_contact_name\" \/>\n\t<\/p>\n\t<p><label for=\"emergency_contact_relationship\">Yak\u0131nl\u0131k Derecesi:<\/label><br \/>\n<input type=\"text\" id=\"emergency_contact_relationship\" name=\"emergency_contact_relationship\" \/>\n\t<\/p>\n\t<p><label for=\"emergency_contact_number\">\u0130leti\u015fim Bilgisi:<\/label><br \/>\n<input type=\"tel\" id=\"emergency_contact_number\" name=\"emergency_contact_number\" \/>\n\t<\/p>\n<\/fieldset>\n<h2>Pasaport, Liman C\u00fczdan\u0131, Sa\u011fl\u0131k Belgesi\n<\/h2>\n<fieldset>\n\t<legend>Pasaport, Liman C\u00fczdan\u0131, Sa\u011fl\u0131k Belgesi\n\t<\/legend>\n\t<p><label for=\"passport_number\">Pasaport Numaras\u0131:<\/label><br \/>\n<input type=\"text\" id=\"passport_number\" name=\"passport_number\" \/>\n\t<\/p>\n\t<p><label for=\"passport_issue_date\">Pasaport Verili\u015f Tarihi:<\/label><br \/>\n<input type=\"date\" id=\"passport_issue_date\" name=\"passport_issue_date\" \/>\n\t<\/p>\n\t<p><label for=\"passport_issue_place\">Pasaport Verildi\u011fi Yer:<\/label><br \/>\n<input type=\"text\" id=\"passport_issue_place\" name=\"passport_issue_place\" \/>\n\t<\/p>\n\t<p><label for=\"passport_valid_until\">Pasaport Biti\u015f Tarihi:<\/label><br \/>\n<input type=\"date\" id=\"passport_valid_until\" name=\"passport_valid_until\" \/>\n\t<\/p>\n\t<p><label for=\"seamans_book_number\">Liman C\u00fczdan\u0131 Numaras\u0131:<\/label><br \/>\n<input type=\"text\" id=\"seamans_book_number\" name=\"seamans_book_number\" \/>\n\t<\/p>\n\t<p><label for=\"seamans_book_issue_date\">Liman C\u00fczdan\u0131 Verili\u015f Tarihi:<\/label><br \/>\n<input type=\"date\" id=\"seamans_book_issue_date\" name=\"seamans_book_issue_date\" \/>\n\t<\/p>\n\t<p><label for=\"seamans_book_issue_place\">Liman C\u00fczdan\u0131 Verildi\u011fi Yer:<\/label><br \/>\n<input type=\"text\" id=\"seamans_book_issue_place\" name=\"seamans_book_issue_place\" \/>\n\t<\/p>\n\t<p><label for=\"seamans_book_valid_until\">Liman C\u00fczdan\u0131 Biti\u015f Tarihi:<\/label><br \/>\n<input type=\"date\" id=\"seamans_book_valid_until\" name=\"seamans_book_valid_until\" \/>\n\t<\/p>\n\t<p><label for=\"medical_certificate_number\">Sa\u011fl\u0131k Belgesi Numaras\u0131:<\/label><br \/>\n<input type=\"text\" id=\"medical_certificate_number\" name=\"medical_certificate_number\" \/>\n\t<\/p>\n\t<p><label for=\"medical_certificate_issue_date\">Sa\u011fl\u0131k Belgesi Verili\u015f Tarihi:<\/label><br \/>\n<input type=\"date\" id=\"medical_certificate_issue_date\" name=\"medical_certificate_issue_date\" \/>\n\t<\/p>\n\t<p><label for=\"medical_certificate_issue_place\">Sa\u011fl\u0131k Belgesi Verildi\u011fi Yer:<\/label><br \/>\n<input type=\"text\" id=\"medical_certificate_issue_place\" name=\"medical_certificate_issue_place\" \/>\n\t<\/p>\n\t<p><label for=\"medical_certificate_valid_until\">Sa\u011fl\u0131k Belgesi Biti\u015f Tarihi:<\/label><br \/>\n<input type=\"date\" id=\"medical_certificate_valid_until\" name=\"medical_certificate_valid_until\" \/>\n\t<\/p>\n<\/fieldset>\n<h2>E\u011fitim Bilgileri\n<\/h2>\n<fieldset>\n\t<legend>E\u011fitim Bilgileri\n\t<\/legend>\n\t<p><label for=\"school_name\">Okul \u0130smi:<\/label><br \/>\n<input type=\"text\" id=\"school_name\" name=\"school_name\" \/>\n\t<\/p>\n\t<p><label for=\"school_division\">B\u00f6l\u00fcm\u00fc:<\/label><br \/>\n<input type=\"text\" id=\"school_division\" name=\"school_division\" \/>\n\t<\/p>\n\t<p><label for=\"graduation_year\">Mezuniyet Y\u0131l\u0131:<\/label><br \/>\n<input type=\"number\" id=\"graduation_year\" name=\"graduation_year\" \/>\n\t<\/p>\n\t<p><label for=\"education_notes\">Notlar:<\/label>\n\t<\/p>\n\t<p><textarea id=\"education_notes\" name=\"education_notes\" rows=\"4\" cols=\"50\"><\/textarea>\n\t<\/p>\n<\/fieldset>\n<h2>Lisan Bilgileri\n<\/h2>\n<fieldset>\n\t<legend>Lisan Bilgileri\n\t<\/legend>\n\t<p><label for=\"language\">Dil:<\/label><br \/>\n<input type=\"text\" id=\"language\" name=\"language\" \/>\n\t<\/p>\n\t<p><label for=\"language_learned\">\u00d6\u011frendi\u011fi Yer:<\/label><br \/>\n<input type=\"text\" id=\"language_learned\" name=\"language_learned\" \/>\n\t<\/p>\n\t<p><label for=\"speaking_level\">Konu\u015fma:<\/label><br \/>\n<input type=\"text\" id=\"speaking_level\" name=\"speaking_level\" \/>\n\t<\/p>\n\t<p><label for=\"reading_level\">Okuma:<\/label><br \/>\n<input type=\"text\" id=\"reading_level\" name=\"reading_level\" \/>\n\t<\/p>\n\t<p><label for=\"grammar_level\">Gramer:<\/label><br \/>\n<input type=\"text\" id=\"grammar_level\" name=\"grammar_level\" \/>\n\t<\/p>\n<\/fieldset>\n<h2>Sertifikalar\n<\/h2>\n<fieldset>\n\t<legend>Sertifikalar\n\t<\/legend>\n\t<p><label for=\"fire_prevention_cert\">Yang\u0131n \u00d6nleme Ve Yang\u0131nla M\u00fccadele:<\/label><br \/>\n<input type=\"text\" id=\"fire_prevention_cert\" name=\"fire_prevention_cert\" \/>\n\t<\/p>\n\t<p><label for=\"fire_prevention_cert_no\">Sertifika No:<\/label><br \/>\n<input type=\"text\" id=\"fire_prevention_cert_no\" name=\"fire_prevention_cert_no\" \/>\n\t<\/p>\n\t<p><label for=\"fire_prevention_cert_issue_date\">Verili\u015f Tarihi:<\/label><br \/>\n<input type=\"date\" id=\"fire_prevention_cert_issue_date\" name=\"fire_prevention_cert_issue_date\" \/>\n\t<\/p>\n\t<p><label for=\"fire_prevention_cert_expiry_date\">Biti\u015f Tarihi:<\/label><br \/>\n<input type=\"date\" id=\"fire_prevention_cert_expiry_date\" name=\"fire_prevention_cert_expiry_date\" \/>\n\t<\/p>\n\n\n\n <!-- Di\u011fer sertifikalar\u0131n ayn\u0131 \u015fekilde eklenmesi gerekiyor -->\n<\/fieldset>\n<h2>\u00c7al\u0131\u015fma Ge\u00e7mi\u015fi\n<\/h2>\n<fieldset>\n\t<legend>\u00c7al\u0131\u015fma Ge\u00e7mi\u015fi\n\t<\/legend>\n <!-- \u00c7al\u0131\u015fma ge\u00e7mi\u015fi alanlar\u0131n\u0131 ekleyin -->\n<\/fieldset>\n<h2>Referanslar\n<\/h2>\n<fieldset>\n\t<legend>Referanslar\n\t<\/legend>\n <!-- Referans alanlar\u0131n\u0131 ekleyin -->\n<\/fieldset>\n<h2>\u0130mza ve Onay\n<\/h2>\n<fieldset>\n\t<legend>\u0130mza ve Onay\n\t<\/legend>\n\t<p><label for=\"declaration_checkbox\">Yukar\u0131daki bilgilerin do\u011fru oldu\u011funu beyan ederim:<\/label><br \/>\n<input type=\"checkbox\" id=\"declaration_checkbox\" name=\"declaration_checkbox\" required \/>\n\t<\/p>\n\t<p><label for=\"date\">Tarih:<\/label><br \/>\n<input type=\"date\" id=\"date\" name=\"date\" required \/>\n\t<\/p>\n\t<p><label for=\"signature\">\u0130mza:<\/label><br \/>\n<input type=\"text\" id=\"signature\" name=\"signature\" required \/>\n\t<\/p>\n\t<p><button type=\"submit\">G\u00f6nder<\/button>\n\t<\/p>\n<\/fieldset>\n<p><input class=\"wpcf7-form-control wpcf7-submit has-spinner\" type=\"submit\" value=\"G\u00f6nder\" \/>\n<\/p><div class=\"fusion-alert alert custom alert-custom fusion-alert-center wpcf7-response-output awb-alert-native-link-color alert-dismissable awb-alert-close-boxed\" style=\"--awb-border-size:1px;--awb-border-top-left-radius:0px;--awb-border-top-right-radius:0px;--awb-border-bottom-left-radius:0px;--awb-border-bottom-right-radius:0px;\" role=\"alert\"><div class=\"fusion-alert-content-wrapper\"><span class=\"fusion-alert-content\"><\/span><\/div><button type=\"button\" class=\"close toggle-alert\" data-dismiss=\"alert\" aria-label=\"Close\">&times;<\/button><\/div>\n<\/form>\n<\/div>\n\n","protected":false},"excerpt":{"rendered":"","protected":false},"author":1,"featured_media":0,"parent":0,"menu_order":0,"comment_status":"closed","ping_status":"closed","template":"100-width.php","meta":{"footnotes":""},"class_list":["post-2265","page","type-page","status-publish","hentry"],"_links":{"self":[{"href":"https:\/\/vastomarine.com\/index.php\/wp-json\/wp\/v2\/pages\/2265","targetHints":{"allow":["GET"]}}],"collection":[{"href":"https:\/\/vastomarine.com\/index.php\/wp-json\/wp\/v2\/pages"}],"about":[{"href":"https:\/\/vastomarine.com\/index.php\/wp-json\/wp\/v2\/types\/page"}],"author":[{"embeddable":true,"href":"https:\/\/vastomarine.com\/index.php\/wp-json\/wp\/v2\/users\/1"}],"replies":[{"embeddable":true,"href":"https:\/\/vastomarine.com\/index.php\/wp-json\/wp\/v2\/comments?post=2265"}],"version-history":[{"count":6,"href":"https:\/\/vastomarine.com\/index.php\/wp-json\/wp\/v2\/pages\/2265\/revisions"}],"predecessor-version":[{"id":2275,"href":"https:\/\/vastomarine.com\/index.php\/wp-json\/wp\/v2\/pages\/2265\/revisions\/2275"}],"wp:attachment":[{"href":"https:\/\/vastomarine.com\/index.php\/wp-json\/wp\/v2\/media?parent=2265"}],"curies":[{"name":"wp","href":"https:\/\/api.w.org\/{rel}","templated":true}]}}